 and 136?
17
Let c(d) = 4*d**2 - 6*d + 6. Let x be c(7). Calculate the highest common divisor of 32 and x.
32
Let l be (-106)/8 + 3/12. Let q = -5 - l. Let p be (-2 + 6)*(5 - -2 - 1). Calculate the greatest common divisor of p and q.
8
Suppose 3*u = -39 - 27. Let b = 102 + u. Suppose 4*v + 0*v - 16 = -2*f, -v = f - 12. What is the greatest common factor of b and f?
16
Let r be ((-54)/7)/((-85)/42 - -2). Calculate the greatest common divisor of r and 54.
54
Suppose -5*n = z - 5*z + 41, -3*z - 3*n + 24 = 0. Calculate the highest common divisor of z and 1.
1
Let d be ((-6)/(-4) - 1)*0 - -14. Calculate the highest common factor of 28 and d.
14
Let v = -146 - -223. Calculate the highest common factor of v and 7.
7
Suppose -254 + 702 = 4*q. Let a(j) = 16*j. Let d be a(1). Calculate the greatest common divisor of d and q.
16
Let s(t) = 5 - t - 4 + 3 + 6. Suppose 6 = x + 2*q, -4*x - 18 = -7*x + 3*q. Let d be s(x). Calculate the highest common factor of d and 1.
1
Let y be (3/2)/(8/48). Calculate the highest common factor of y and 3.
3
Let r(p) = -p**3 - 16*p**2 - 36*p - 42. Let y be r(-14). Let z(s) = s**3 - s**2 - 4*s + 4. Let m be z(3). Calculate the greatest common factor of y and m.
10
Let d(k) = k**3 + 10*k - 2*k**3 + 10*k**2 - 2*k**2 + 9. Let o be d(9). Let t = -11 - -56. What is the highest common factor of t and o?
9
Let t(f) be the first derivative of -3*f**2/2 - 9*f - 5. Let n be t(-7). Calculate the highest common factor of 30 and n.
6
Suppose 2*k + 261 = 2*h + 5*k, 2*k + 546 = 4*h. Calculate the highest common factor of h and 15.
15
Let a = 33 + -16. Suppose 6*j - 3*j + 6 = 0, p - 7 = 2*j. Suppose -31 = -5*z - 6, -p*o = -4*z - 133. What is the highest common factor of a and o?
17
Suppose 2*w - 4*w = 3*r - 5, -w + 4*r = 3. Let s be (w - 2) + (0 - -1). Suppose 2*p + 3*v = 21, -v - v - 10 = s. What is the highest common divisor of 27 and p?
9
Let f(a) = 2*a + 1. Let o be f(7). Suppose 5 = -u + 20. Calculate the greatest common factor of u and o.
15
Let d(f) = -f**3 + 8*f**2 - 7*f + 6. Let h be d(7). Let j(a) = 2*a**2 + 2*a - 6. Let b be j(5). Calculate the greatest common factor of h and b.
6
Suppose -8*p = -4*p - 20. Suppose -p*k = -6*k. Suppose 0 = v, 3*v + 4 = d - k*v. Calculate the greatest common factor of d and 4.
4
Let p = -27 - -43. Let l(f) = -f + 8. Let w be l(6). What is the highest common divisor of p and w?
2
Suppose 8*i - 3*i = 0. Suppose i*a + a = 15. Calculate the highest common divisor of 135 and a.
15
Suppose 4*r = 6*r - 80. Calculate the greatest common factor of 60 and r.
20
Let j = 133 - 87. Suppose 0 = 5*p + j - 11. Let z = -4 - p. Calculate the highest common factor of z and 1.
1
Let i be ((-1)/2)/(2/(-96)). Calculate the greatest common divisor of 264 and i.
24
Let i = -11 + 16. Let h(a) = -a + 8. Let p be h(i). Calculate the highest common divisor of 6 and p.
3
Let p(n) be the third derivative of n**5/12 - n**4/8 + 2*n**3/3 + n**2. Suppose 8 = 4*w - 4. Let t be p(w). Calculate the highest common factor of 8 and t.
8
Let t = 32 + 111. What is the greatest common factor of t and 13?
13
Let b(l) = 6*l + 2. Let d be (3 - 2)*-1 - -3. Let k be b(d). Calculate the highest common divisor of 21 and k.
7
Let k = 12 + -10. Let m = 13 - k. What is the greatest common divisor of 44 and m?
11
Let m be 94/5 - (-2 - (-36)/20). Let g = 578 + -260. Let j = g - 147. Calculate the highest common divisor of m and j.
19
Let x be 6/(-4)*(-14)/21. Let m be (-1 + 2)/(x/150). Calculate the greatest common divisor of 15 and m.
15
Suppose 0 = -2*r - 0*x - x + 1, r - 3*x = 18. Suppose 0 = -4*w + 16, r*w + 6 = 2*f - 5*f. Let h be (-30)/3*f/4. What is the highest common factor of 60 and h?
15
Let w(q) = 14*q - 8. Let k be w(7). Let z = -1 + 5. Suppose -3*v = -n - 0*v + 30, -152 = -z*n - 4*v. What is the greatest common divisor of n and k?
18
Let p = 12 + 0. What is the highest common factor of p and 2?
2
Let h = 1074 + -1566. Let r be (-4)/10 + h/(-30). Calculate the highest common divisor of 128 and r.
16
Let t be 0/1 - (9 - -2). Let b = 5 - t. Calculate the highest common factor of b and 2.
2
Let x = -1 + 2. Suppose 3*n + 0*n - 17 = 2*g, 0 = 5*n - 5*g - 25. Calculate the greatest common factor of n and x.
1
Let n(d) = d**2 + 2*d + 1. Let j be n(4). Let t = 13 - 8. Let x be t/(5/6) - 1. What is the greatest common divisor of x and j?
5
Let y be 2/(26/12 - 2). Suppose f - 3*f + y = 0. What is the highest common divisor of f and 3?
3
Suppose 0*x + 8 = x. What is the greatest common factor of 40 and x?
8
Let w = 23 + -5. Suppose -3*q + w = 2*z + z, -4*z - 5*q = -22. What is the highest common divisor of z and 4?
4
Suppose 5*g + 0*g = -10. Let p be (g - -40) + (1 - 1). Suppose 3*b = 102 + 183. What is the highest common factor of p and b?
19
Let o be 58 + 4 - (3 - 1). Let h be 10/(-4)*(-36)/15. Calculate the highest common factor of h and o.
6
Let c = -70 - -131. Suppose 74 = 3*t - c. Calculate the greatest common factor of t and 9.
9
Suppose 2*s - 10 = 0, 0 = -m - s + 19 - 8. What is the highest common factor of m and 6?
6
Let t = 31 - -35. What is the highest common divisor of t and 6?
6
Let v be (357/(-7))/((-9)/24). Calculate the highest common factor of 17 and v.
17
Let x(y) be the second derivative of y**4/6 - y**3/3 - y**2 - 10*y. Let q be x(3). What is the greatest common divisor of q and 10?
10
Let q(v) be the first derivative of 2*v**3/3 + 3*v**2 + 5*v - 1. Let s be q(6). Let y = s - 73. What is the greatest common factor of 16 and y?
8
Let h(a) = 2*a**2 - 6*a - 1. Let q be h(5). Let v be (9 + (-9)/3)*1. Suppose y - q = -v. Calculate the highest common factor of y and 104.
13
Let d(a) = 89*a**3 - 2*a**2 + 3*a - 2. Let h be d(1). Let p(q) = -q**2 + 7*q + 1. Let l be p(5). Calculate the highest common factor of h and l.
11
Let w(v) = 5*v**3 - 3*v**2 - 5*v + 1. Let i be w(-5). Let z = i - -221. Let h be z/(-5) - (-4)/10. Calculate the highest common factor of h and 13.
13
Let g(o) = -o**2 + 14*o - 18. Let q be g(11). Calculate the highest common divisor of 165 and q.
15
Let k = -6 + 8. Let i be 37/5 + k/(-5). Suppose q = -4, -3*n - q = 4*q - 85. Calculate the greatest common divisor of i and n.
7
Let y = 7 - -6. What is the greatest common divisor of 117 and y?
13
Suppose -f - 3*f = -16. Suppose -g + 20 = f*g. Let h = g + -2. Calculate the highest common divisor of h and 8.
2
Suppose -3*s + 2*s = -140. What is the highest common divisor of s and 56?
28
Let z(h) be the second derivative of -h**3/6 + h**2 + h. Let u be z(0). Let f = u + 11. What is the highest common divisor of 26 and f?
13
Let d = -43 + 69. Suppose -w - q = q - d, 5 = -q. What is the highest common factor of 12 and w?
12
Let c = 60 + -8. Suppose 4*m - 8 - c = 0. Calculate the greatest common factor of m and 10.
5
Let w = 21 + -6. Let y be 5/w - 2/(-3). Let n(l) = 2*l + 11. Let a be n(-5). What is the greatest common factor of a and y?
1
Suppose -1 = f - 9. Let o be 1/(-4) + 226/f. Suppose s + 302 = 372. Calculate the highest common factor of o and s.
14
Let q be (-1)/1*0 - -46. Suppose q = 5*u - 14. Suppose x - 4*f - 18 = 0, -2*x - 3*f - 18 = -3*x. Calculate the greatest common divisor of x and u.
6
Suppose 18 - 60 = -6*j. What is the highest common divisor of j and 1?
1
Suppose n = -n - 18. Let v be 81*2/n*-3. Let j(z) = -z**3 - 5*z**2 - 8*z - 4. Let s be j(-5). What is the greatest common divisor of v and s?
18
Let i be 3/6*(-12)/(-1). Suppose -4*k - i + 42 = 0. Calculate the highest common divisor of 63 and k.
9
Suppose -n = -4*b + 61, -71 = -5*b + b + 3*n. What is the greatest common divisor of b and 28?
14
Suppose -4*g + 0*m + 24 = -m, -2*g - 6 = 4*m. What is the greatest common divisor of g and 45?
5
Suppose -49 = -0*o - 7*o. What is the highest common divisor of 7 and o?
7
Let m(r) be the first derivative of -r**2 + 6*r - 4. Let b be m(-6). What is the highest common divisor of 144 and b?
18
Suppose i = -3*i + 64. What is the greatest common factor of 80 and i?
16
Let g = -17 + 39. Let d(m) = -5*m**3 - m + 2. Let v be d(-2). What is the greatest common factor of g and v?
22
Let f = 5 + -16. Let u = 44 - f. Suppose -k = 2*r - 40, -60 = -2*r - 4*k + 8*k. Calculate the highest common factor of r and u.
11
Suppose 0*y + 2*y - 20 = 0. Let o(c) be the first derivative of c